. Suppose -2*c + o = 31*c. What is the tens digit of c?
1
Suppose -54029 + 11989 = -8*f + 54280. What is the units digit of f?
0
Let u(c) = 450*c**2 - 363*c + 2225. What is the tens digit of u(6)?
4
Suppose 14*z = 111733 + 60775. What is the ten thousands digit of z?
1
Let d = -203 + 93. Let k = -56 - d. Suppose -2*x - k + 236 = 0. What is the units digit of x?
1
Let w = -17297 + 26734. What is the tens digit of w?
3
Suppose -13*w + 33655 + 50299 = 0. What is the hundreds digit of w?
4
Let j(d) = 40*d - 4. Let g be j(5). Suppose -97*s + 7*s = -8910. Let o = g - s. What is the units digit of o?
7
Suppose 181686 = 15*t + 37116. What is the units digit of t?
8
Let f be (-16)/(-10) + -1 + (-5214)/(-110). Suppose -y + 3*y - f = 4*i, 0 = -4*y - 5*i + 109. Suppose y*q = 25*q + 89. What is the units digit of q?
9
Let g = 77 - 59. What is the tens digit of ((-1)/(-4))/(g/43272)?
0
Let m = -530 + 428. What is the tens digit of 1366 + 0 - 612/m?
7
Let u = 19472 - 7053. What is the units digit of u?
9
Suppose 4*m = -a + 16596, -46*a - 12447 = -3*m - 43*a. What is the units digit of m?
9
Let k = -75 + 843. Let b = k + 83. What is the units digit of b?
1
Suppose 6587 = 3*b + 6*n - 8*n, -3*n + 2192 = b. What is the thousands digit of b?
2
What is the tens digit of ((-234)/13)/3*-2271?
2
Let a be (-10)/(70/(-147)) - (0 + -5). Suppose 28*i - 986 = a*i. What is the hundreds digit of i?
4
Suppose 0*u = -8*u + 72. Suppose 3*z + 3*y - u = -0, -3 = -5*z - y. Suppose z*t = 5*t - 655. What is the tens digit of t?
3
Suppose -5*u + x + 562 = -0*x, 4*u - 2*x - 446 = 0. Let g = 228 + u. What is the tens digit of g?
4
Suppose 2*l = 3*s - 599, -2*l - 109 - 96 = -s. Let g = -50 + s. What is the hundreds digit of g?
1
Suppose 3*o + 5 = -2*g + 1, -2*o = 2*g. Suppose k = -3*s + 1100, -9*s + 6*s - g*k = -1097. What is the tens digit of s?
6
What is the tens digit of (3/(-1))/((-8215522)/256734 - -32)?
5
Let x(z) = 8*z**3 + 37*z**2 + 11. What is the hundreds digit of x(5)?
9
Suppose r - 62103 = -2*l, 0 = 5*r + 12*l - 301724 - 8779. What is the hundreds digit of r?
1
Let a be 8*(2 - 49/28). Suppose 0 = -5*h + 2*v + 2238, -2*h - 3*v = a*h - 1772. What is the hundreds digit of h?
4
Let z(f) = 3*f**2 + 7*f + 18. Let a be z(-6). Suppose u = -2*k + a, 3*k - 7*k = -2*u - 168. What is the units digit of k?
2
Let u = 45 + -3. Suppose 2*a + 39 = -4*f + 145, 2*f - 3*a - 33 = 0. Suppose -f - u = -z. What is the tens digit of z?
6
Let u = -362 - -365. Suppose -u*z = w - 763, 2*w + 3019 = 6*w + z. What is the units digit of w?
4
Let f(w) = w**2 - w - 14. Suppose 2*a - 26 = -3*x, 9*x - 6 = -a + 4*x. Suppose -5*v = -61 + a. What is the tens digit of f(v)?
5
Let n(o) = 3*o - 5. Let f be n(3). Suppose 4*v + 500 = 2*j, -1055 = -f*j + v - 4*v. What is the units digit of j?
0
Let a(o) be the first derivative of -5*o**2/2 + 20*o + 47. Let w be a(8). Let g = 43 + w. What is the units digit of g?
3
Let w be (-118)/((-1)/((9 + -1)/4)). Let i = w + -138. What is the tens digit of i?
9
Let b(g) = -g - 22. Let u be b(-16). What is the tens digit of u + 7 + (4 - -60)?
6
Let w(i) = -3*i + 68. Let a be w(25). Let q(m) = -29*m - 177. What is the units digit of q(a)?
6
Suppose 0 = -10*i + 21470 - 5800. Suppose -2*g - i = -3*v, -2*g + 362 = v - 147. What is the hundreds digit of -1 - (v - -3)/(-3)?
1
What is the units digit of 8/18*(-20)/(200/(-96885))?
6
Suppose 19*i - 150*i = -5464534. What is the thousands digit of i?
1
Let q = 407 - 404. Suppose -q*z = j - 581, 0 = 6*j - j + 3*z - 2929. What is the tens digit of j?
8
Suppose 0 = 7*t + 3 - 3. Let f(z) = 2*z + 190. What is the units digit of f(t)?
0
Suppose 8*i - 128 = -8*i. Let h be ((-12)/(-16))/(2/i). Suppose 5*v - m = 699, 0 = -v - h*m + m + 142. What is the tens digit of v?
4
What is the ten thousands digit of 27743 - 5*189/(-45)?
2
Suppose -2*r - 3525 = 5*i, 4*r + 8*i + 7125 = 13*i. Let m = 2516 + r. What is the tens digit of m?
4
Let z be 6 - (-14574 - 2)*1. Suppose -17*v + z = -2486. What is the hundreds digit of v?
0
Suppose 0 = 3*a - 93 + 69. Suppose -a*w + 7204 = -5644. What is the units digit of w?
6
Let b(g) = 3*g**2 - 2*g + 425. What is the units digit of b(-39)?
6
Let g(h) = 21*h - 144. Let t be g(7). Suppose 1366 = u - 5*s, 7*u - 3*s - 5464 = t*u. What is the tens digit of u?
6
Suppose 7*i - 130 = -641. Let g = 19 - i. Let v = g - 53. What is the units digit of v?
9
Suppose s = -3*t + 5*t - 4, 0 = 2*s - 3*t + 6. Suppose s = -31*a + 15349 + 17604. What is the hundreds digit of a?
0
Let w be (11 - 16) + (1656 - 0). Let b = 41 + -28. Suppose w = b*k + 234. What is the tens digit of k?
0
What is the tens digit of (4/(-14))/(70/(-4834585))?
3
Let w be (-3 - -7)*(-1788)/(-6). Suppose 4*g + 0*g - w = -2*m, -m + g + 611 = 0. What is the tens digit of m?
0
Let w = -120981 + 191490. What is the tens digit of w?
0
Suppose 4*b - 105374 = -2*x, 5*b + 129*x - 131*x = 131686. What is the units digit of b?
0
Let m = -1 + 1. Suppose -5*s + s + 3908 = m. Suppose -4*p = 5*i - s, 2*p + i = -2*i + 487. What is the tens digit of p?
4
Suppose -1334 = -47*m + 45*m. Let j = m + -263. What is the hundreds digit of j?
4
Let v(t) be the third derivative of t**5/60 - 3*t**4/2 + 41*t**3/6 + 139*t**2. What is the tens digit of v(39)?
5
Let s(u) = 25*u + 2557. Let r be s(0). Suppose -6*n - 523 + r = 0. What is the units digit of n?
9
Suppose -484*j + 71656 = -471*j + 14339. What is the tens digit of j?
0
Suppose 52*m - 54*m + 4 = 0, 0 = -2*h - 2*m + 4444. What is the hundreds digit of h?
2
Suppose -3*h + 16227 = v, -2*v + 7663 = 5*h - 19380. What is the tens digit of h?
1
Let k(t) = -9*t + 54. Let b = 118 + -108. Suppose b*d + 119 = -111. What is the units digit of k(d)?
1
Suppose 0 = -21*x - 7*x + 32116. What is the tens digit of x?
4
Let s be (-8 - -9)/(1/1777). Suppose -s = -13*h + 264. What is the tens digit of h?
5
Let i = -14224 - -93712. What is the thousands digit of i?
9
Let a(c) = -c + 19. Let u = -11 + 35. Let k = 18 - u. What is the tens digit of a(k)?
2
Let s(z) = z**3 + 7*z**2 + 8*z + 7. Let i(u) = -u**2 + 5*u. Let w be i(6). Let l be s(w). Let h = 72 - l. What is the tens digit of h?
7
Let n(i) = 7*i - 3. Let z(u) = 7*u - 3. Let o(p) = -3*n(p) + 2*z(p). Let s be o(-2). Let t = s - -65. What is the tens digit of t?
8
Let i(s) = -s + 1. Let m(p) = 7*p - 17. Let r(o) = 6*o - 16. Let t(x) = -4*m(x) + 5*r(x). Let a(j) = i(j) + t(j). What is the units digit of a(12)?
1
What is the hundreds digit of (10572/(-15))/(((-252)/(-2380))/(-9))?
9
Let r = 5857 + -3270. Suppose -5*y + z + 4445 = -r, -4*y - 5*z + 5643 = 0. What is the hundreds digit of y?
4
Let m(f) = -20*f - 3*f**3 - 711*f**2 - 12 + 1 + 706*f**2. What is the hundreds digit of m(-4)?
1
Let s(b) = -30*b + 18. Let u(z) = -z + 1. Let j(r) = 2*s(r) - 36*u(r). Let w = -87 - -85. What is the tens digit of j(w)?
4
Suppose -2*b + 5*b - 28*b + 1326925 = 0. What is the thousands digit of b?
3
Let s be ((-8)/3)/(-1*(-1)/(-9)). Let i = 28 - s. Suppose -2*j = i*j - 432. What is the tens digit of j?
7
Suppose -x = 5*v - 12, -2*v - 1 = -5. Suppose -x*r - 16 = -4*r. Let n(y) = y**2 - 4*y + 11. What is the units digit of n(r)?
3
Let i(k) = -3176*k + 14 + 3175*k + 24 - 3. What is the tens digit of i(-24)?
5
Let w = 15 + -37. Let h(u) = -566*u - 5538. Let g be h(-10). Let t = g - w. What is the units digit of t?
4
What is the units digit of (-4 - -1936)*(3 + 8 + 171/(-18))?
8
Suppose -89*z = -85*z - 5992. What is the hundreds digit of z?
4
Let z = 116 + 80. What is the units digit of z?
6
Let l be (2/7)/((-16)/112). What is the hundreds digit of ((-16)/12 - -2)*(-1329)/l?
4
Suppose -25*k + 36 = -19*k. Let g(t) = 4*t**2 + 4*t - 28. What is the tens digit of g(k)?
4
Let f(v) = 13*v - 55. Let l be f(4). What is the hundreds digit of (-3624)/36*(0 - l/(-2))?
1
Suppose -3*g + m = -2569, -8*m = -3*m + 5. Suppose -g = 4*x + 512. What is the hundreds digit of x/4*52/(-39)?
1
Suppose -x - 98*d = -101*d - 553, 2*x = -d + 1148. What is the hundreds digit of x?
5
Let u = -2747 - -4936. Suppose -l + u = 975. What is the tens digit of l?
1
What is the thousands digit of (-60)/(-9)*(-27)/(-72)*167996/10?
1
Suppose -3*b + 4*y + 17 = 0, 7*y - 4*y = 3. Suppose -b*a = -2*a + 575. What is the units digit of 3/18*6 - (1 + a)?
5
Let k(q) be the f